 0, 0 = o*r + 3*t - 2. Let d(i) = i - 2. List the prime factors of d(r).
2
Let j be 24*((-7)/3 + 3). Let b be (-2)/(j/9 + -2). What are the prime factors of (-6)/b - (-14)/3?
2
Let r(v) = v**2 - 2*v - 1. What are the prime factors of r(5)?
2, 7
Suppose 3*s = 29 + 58. List the prime factors of s.
29
List the prime factors of ((-2)/(-5))/(7/455).
2, 13
Suppose -4 - 2 = 2*z. Let i(w) = w**2 + 4. What are the prime factors of i(z)?
13
Let n = 81 + 45. List the prime factors of n.
2, 3, 7
Let r = 23 + 27. What are the prime factors of r?
2, 5
Let m = -30 + 69. Let h = m - 11. List the prime factors of h.
2, 7
List the prime factors of (0 + -189)/((-12)/8).
2, 3, 7
Let f be (20/16)/(2/(-8)). Let q(k) = k**3 + 8*k**2 + 4*k - 2. Let d be q(f). Suppose 0 = 4*w - 3 - d. What are the prime factors of w?
2, 7
Let f = 5 - 3. Let k be (-1)/f*30/(-1). Let o = k + 5. List the prime factors of o.
2, 5
Let p be (-504)/(-10) - (-4)/(-10). Suppose -5*t = -2*g - 105, -5*t - g = -40 - p. What are the prime factors of t?
19
List the prime factors of (-2)/14 + 3/(-28)*-1084.
2, 29
Suppose 0 = 5*q + 3*w - 111, 3*q = -0*w + 3*w + 57. Suppose q = -3*h + 9, -103 = -5*g - 3*h. List the prime factors of g.
23
Let u be ((-9)/(-6))/((-6)/(-100)). Let q = -1 + u. What are the prime factors of q?
2, 3
List the prime factors of -3*(-4 - (-4 + 3)).
3
Let k(z) be the first derivative of -z**4/4 + 4*z**3/3 + 3*z**2/2 + 5*z + 3. List the prime factors of k(4).
17
Let m = -85 - -133. What are the prime factors of m?
2, 3
Let c be (-2 + -3)*2 + 2. Let d = c - -12. Suppose -3*h + 55 = 4*g, d*g - 53 = -h - 0*h. What are the prime factors of g?
13
Let o be -3*6/9 - -2. Suppose 2*j + 2*g - 10 = o, -5*g = 2*j - j + 11. Suppose -4*c - j = 5*n, 5*c + 2*n = -n + 5. List the prime factors of c.
2
Let g(a) = a**3 + 6*a**2 - 10*a - 10. List the prime factors of g(-7).
11
Suppose 4*p = 21 - 5. Let h = p - -17. What are the prime factors of h?
3, 7
Let n be (-159)/(-15) - 3/5. Let l = n - 4. List the prime factors of l.
2, 3
Let w be 534/10 - (-4)/(-10). Suppose -4*b + w + 27 = 0. Suppose 4*l - 21 = 5*i + 16, 0 = -4*i - b. What are the prime factors of l?
3
Suppose 0 = -h + 2*h - 1. List the prime factors of h/(-5) - (-430)/25.
17
Let v(a) = a**3 + 3*a**2 - 6*a - 2. Let u be v(-5). Let q = -9 - u. Suppose 11 = 3*h + l, q - 1 = -3*l. List the prime factors of h.
5
Let k(g) = 69*g**3 + g**2 - g + 1. List the prime factors of k(1).
2, 5, 7
Let x = 3 - -3. Let s = 15 - x. List the prime factors of 3*-1 + (s - -5).
11
Let q be (2 - (0 + -3)) + -2. Suppose -2*p + 48 = 3*t - 6, 0 = -4*p - q*t + 108. Suppose 5*v = 43 + p. List the prime factors of v.
2, 7
What are the prime factors of (15 - 3)/(2/12 - 0)?
2, 3
Let h(y) = y + 2. Let x be h(3). What are the prime factors of (x/(-3))/((-9)/162)?
2, 3, 5
Let m be 2/(0 - 2/(-8)). Let s be 3/(-12) + 2/m. Let g = 6 - s. List the prime factors of g.
2, 3
Let m be 3/(-6) + (-2)/4. Let y be ((-6)/(1 - 2))/m. List the prime factors of (-128)/24*y/4.
2
Let p(n) = 2*n + 8. Let c be p(-8). Let d(g) be the first derivative of -g**3/3 - 4*g**2 + 6*g + 2. What are the prime factors of d(c)?
2, 3
What are the prime factors of (4/2)/(4/100)?
2, 5
Suppose -g - 3*g + 8 = 0. Let x(f) = 4*f - 5*f + 1 + 3. List the prime factors of x(g).
2
Suppose -i + 0*i + 3*q + 82 = 0, 0 = -4*i - 5*q + 277. List the prime factors of i.
73
Suppose 3*b - 85 = -2*a, 4 = 2*b + 2*b. What are the prime factors of a?
41
Suppose r = -3*x + 179, -x + 4 + 1 = 0. What are the prime factors of r?
2, 41
Suppose 0*u - 7*u = -28. Suppose 0*q + u*q - 164 = 0. What are the prime factors of q?
41
Let y(b) be the third derivative of -b**6/120 - b**5/20 + b**4/12 + b**3/2 - 2*b**2. List the prime factors of y(-4).
11
Let s = -10 - -14. Let w(v) = -8*v + 1. Let h be w(-3). Suppose -3*t + s*t - 29 = 5*l, h = 5*t - l. List the prime factors of t.
2
List the prime factors of (258/9)/2*3.
43
Suppose 0 = 5*a + l - 13, 0 = a - 0*a - l + 1. Suppose -z + 4*r + 29 = 0, -a*z + 5*z - 100 = -r. Let h = -22 + z. What are the prime factors of h?
11
Suppose -2*r = 6 - 0, -2*m - 5*r - 29 = 0. Let n = m - -15. What are the prime factors of n?
2
List the prime factors of 22/((-29)/(-90) - 6/27).
2, 5, 11
Let d be (2/(-6))/(2/(-18)). Suppose -a - d*a + 296 = 0. Suppose k + 2*i - 2 = 9, 2*i + a = 4*k. What are the prime factors of k?
17
Suppose 11 = 3*n - 22. Suppose -2*z + 31 = -n. List the prime factors of z.
3, 7
Let s be (9/(-12))/(2/(-8)). Suppose -4*w + s*w = -6. What are the prime factors of w?
2, 3
Let l(k) = 2*k - 14. Let g = -18 - -28. What are the prime factors of l(g)?
2, 3
Suppose 3*k - r - 47 - 251 = 0, 0 = -2*k - r + 192. What are the prime factors of k?
2, 7
Let p = -2 - -6. Suppose -6*k + 3*k = -9, -5*s - p*k + 52 = 0. List the prime factors of s.
2
Suppose 3*m + 2*h = 137, 3*h = -m + 13 + 21. List the prime factors of m.
7
Suppose 144 = 5*j + 3*x, -18 = -j + 4*x - 3. What are the prime factors of j?
3
Let a(g) = -g**2 - 20*g - 11. List the prime factors of a(-8).
5, 17
Let a = 40 + -100. Let i = a + 122. Suppose -v = 5*q - i, -5*v = 2*q - 8*v - 35. List the prime factors of q.
13
Suppose 13*q - 18*q + 705 = 0. What are the prime factors of q?
3, 47
List the prime factors of (4 - 1)/((-18)/(-222)).
37
Let t be -1 - (-15 + 2/(-2)). Let r = -8 + t. List the prime factors of r.
7
Suppose 3*s - 2*u = -0*u + 17, 5*s - 11 = -u. Suppose g - 31 = -s. Let a = g - 17. List the prime factors of a.
11
Let r(k) be the first derivative of 4*k**3/3 + k**2/2 - 2*k - 1. Let s(a) = a**2 - 9*a + 6. Let j be s(8). What are the prime factors of r(j)?
2, 3
Let w(q) = -5*q - 1. Let k be w(5). Let l be k/(-4)*(0 + -4). Let t = -14 - l. What are the prime factors of t?
2, 3
Suppose 0*d = h - 2*d - 70, 4*h = 2*d + 304. What are the prime factors of h?
2, 3, 13
Let l be -3 + 7 + -3 + 1. List the prime factors of l/6*3 + 21.
2, 11
Let c be 1/((-2)/20)*-4. Let z be 1/(-4) - (-222)/(-8). Let d = c + z. List the prime factors of d.
2, 3
Suppose 2*n + 2*n + 22 = 3*s, 4*s - 5*n = 28. Suppose 3*i + x - 57 = 0, 2*x - 42 = -s*i - 0*x. What are the prime factors of i?
2, 3
List the prime factors of ((-1124)/48 - (-1)/(-3))*-4.
5, 19
Let f(z) = -z - 1. Let t(g) = -7*g - 33. Let h(d) = 6*f(d) - t(d). What are the prime factors of h(0)?
3
Suppose -k - 368 = -2*y, k + 4 = -k. What are the prime factors of y?
3, 61
Suppose -5*y + 527 - 28 = -4*o, -5*y + 498 = -3*o. What are the prime factors of y?
3, 11
Suppose -4*o + b = -89, -38 = -o + 5*b + 8. Suppose 0 = -3*i + 3*c + 120, 0 = -i + 2*c + o + 18. List the prime factors of i.
41
Suppose 0*h - 10 = 2*h. Let u(p) = p + 6. Let c be u(-7). What are the prime factors of ((-1)/c)/(h/(-60))?
2, 3
Let s be (-2)/10 - 22/(-10). Suppose -6 = -3*d - 3*t, 5*d - 2 = s*t - 3*t. List the prime factors of 5*(d + -1 + 2).
5
Suppose 25 = i - 21. Suppose -b - 4*b = 2*v - i, -12 = -3*b. Let c = v - 2. What are the prime factors of c?
11
Suppose 4*d - y - 24 = 0, 4*y - 8 - 8 = 0. List the prime factors of d.
7
Let a = 0 + 6. Let k be (a/(-9))/(2/24). Let f = 17 + k. What are the prime factors of f?
3
Let u = -53 + 79. List the prime factors of u.
2, 13
Suppose -4 + 22 = -3*l. Let u(i) = -7*i**3 - i**2 - 8*i + 6. Let z(f) = -6*f**3 - 2*f**2 - 8*f + 6. Let t(c) = -5*u(c) + 6*z(c). List the prime factors of t(l).
2, 3
Let y be (-6)/9*6 - 0. Let z = y - -3. List the prime factors of z/(0 + 1/(-11)).
11
Let a(m) = -m**2 + 4*m + 5. Let g be a(6). Let z = g + 12. Suppose -5*v + 5 = p - 3*p, 3*v = -z*p + 65. What are the prime factors of p?
2, 5
List the prime factors of (-288 - 3)/(6/(-4)).
2, 97
Suppose 1370 = 4*t + 2*z, 0*t - 4*t - 4*z = -1368. List the prime factors of t.
7
Let b(v) be the first derivative of 31*v**4/4 + 2*v**3/3 - v**2/2 + 5. List the prime factors of b(1).
2
Suppose 0 = -q - 5*f + 58, q + 3*f + f = 61. What are the prime factors of q?
73
Let m = 10 + 21. Let s = 19 - m. What are the prime factors of s/10*(-100)/8?
3, 5
Suppose -3 = -0*p - p. Suppose p*o = o - 2*b + 10, -2*o + 28 = -4*b. List the prime factors of o.
2
Suppose -4*p = -3*p + 1. Suppose -2*s = 2*s - 12. Let a = p + s. List the prime factors of a.
2
Suppose p + 3*x + 6 = 22, -2*p - 5*x = -30. Suppose -p = -2*z + 8. What are the prime factors of 